. Suppose 0*j = -2*j - 5*o + u, -2*o = 2*j - 586. What is the hundreds digit of j?
2
Suppose v = 4*i + 2081, -3*v - i + 2608 + 3596 = 0. What is the tens digit of v?
6
Let p = -30 - 72. Let x = p + 271. What is the tens digit of x?
6
Let n = -2109 - -11283. What is the units digit of n?
4
Let c = -325 + 331. Suppose -2*k = c, 212 = 2*l + 11*k - 7*k. What is the tens digit of l?
1
Suppose -3*x = -6894 - 8787. Suppose 21*n + 607 = x. What is the tens digit of n?
2
Suppose 0 = 12897*x - 12894*x - 33429. What is the units digit of x?
3
Suppose -2*w = b + 1149 - 3315, 2*w = 8. What is the thousands digit of b?
2
Suppose 88*p - 20*p - 40664 = 0. What is the hundreds digit of p?
5
Let m = 30 + -94. Let u = m - -65. Let o(d) = 143*d**3 - 2*d**2 + 3*d - 1. What is the hundreds digit of o(u)?
1
Suppose 3*l - 163920 = -g, 36 = -6*g + 2*g. What is the tens digit of l?
4
Let t = 1818 - 143. What is the hundreds digit of t?
6
Let p = 218 + -216. Suppose -p*s + 6 = 4, 3*f + 3*s = 3999. What is the tens digit of f?
3
Let g = -4506 + 13627. What is the tens digit of g?
2
Suppose 3*m + 3*r - 1236 = 0, m - 418 = r + r. Suppose -3*s + 12*s = m. What is the units digit of 590/8 + s/(-8) + 6?
4
Suppose -4*g + 3*g - 676 = 0. Let a(t) = 2*t**2 + 4*t - 12. Let j be a(0). What is the tens digit of 8/12 + g/j?
5
Let l be (-4)/(-14) - ((-19071)/63)/1. Let h = 637 - l. What is the hundreds digit of h?
3
Let j be ((-28)/(-6) - -2)/((-12)/(-234)). Let o = 150 - j. What is the units digit of (-29*8/o)/(1/(-10))?
6
Let o be 0 - (6 + -3)/(-1). Suppose -v = -o*z - 772, 2*z = -2*v + 882 + 702. What is the units digit of v?
7
Let j = -40 - -45. Suppose 0 = -2*f - 5*v + 340, 0 = j*f + 4*v - 2*v - 871. What is the tens digit of f?
7
Let f = 10266 + -5108. What is the tens digit of f?
5
Let s(u) be the first derivative of 26*u**3/3 - u**2 - 7*u + 42. What is the hundreds digit of s(-3)?
2
Let q(p) be the second derivative of -9/2*p**2 + 0 + 7/6*p**3 + 2*p - 1/20*p**5 + p**4. What is the tens digit of q(12)?
7
Let d = 29 - 25. Suppose 2*z - 505 = -n, -d*n - 3*z = -4*z - 1975. What is the hundreds digit of n?
4
Suppose 3*g - 3*c - 197 = -8*c, 0 = -3*g - 4*c + 193. Suppose 4*s + 2*y - 82 = 0, -g = -2*s + 4*y + y. What is the units digit of (2 + s)*(-2 - 15/(-4))?
2
Let z(g) = g**2 + 11*g + 3. Let s be z(-10). Let i(p) = -2*p - 4. Let y be i(s). Suppose y*u - 292 = 6*u. What is the units digit of u?
3
Suppose -p + j = p - 26, j - 46 = -4*p. What is the tens digit of ((-945)/p)/((-14)/56)?
1
Suppose -38*p = 31*p - 104455 - 391931. What is the tens digit of p?
9
Let b(y) = -20*y - 20. Let l be b(-1). Suppose q - 2*n - 94 = -l, 5*n = 10. What is the units digit of q?
8
Let n(h) = -89*h**2 - 12*h + 9. Let d be n(4). Let x = -909 - d. What is the units digit of x?
4
Let j = 44520 + -18850. What is the tens digit of j/35 - 12/(-21)?
3
Suppose -8*z + 119910 = 5*a, -47975 = -2*a + 12*z - 13*z. What is the units digit of a?
0
Suppose -915*d = -909*d - 127242. What is the tens digit of d?
0
Let v be 5/(-15) + (-834)/9. Let t = v + 101. Let h(c) = c**3 - 2*c**2 - 26*c + 2. What is the hundreds digit of h(t)?
1
Let o(r) = 127*r**3 + r**2. Let a(s) = -s**2 - 11*s - 11. Let f be a(-10). Let n be o(f). What is the tens digit of 0 + (4 - n) + -1?
2
What is the units digit of (448/480*-24)/(0 + (-4)/3310)?
6
Let x(u) = u**3 + 6*u**2 + 3*u - 2*u**3 + 3*u**2 - 3 + 7. What is the tens digit of x(9)?
3
Let s(a) = 10*a**2 + 5*a + 3. Let w(h) = -h**2 - h - 1. Suppose 5 = 42*v - 37*v. Let m be w(v). What is the tens digit of s(m)?
7
Let y = -83386 - -140736. What is the thousands digit of y?
7
Let p(x) = 5*x**2 + 24*x - 6. Let q be p(-5). What is the tens digit of (2 - 10)/(q/40)?
2
Let q be (-15)/10 + 7/(-2). Let i(c) be the second derivative of c**4/3 + c**3/3 + c**2/2 - 12*c. What is the tens digit of i(q)?
9
Let f = -46 - -61. Let v be (-1074)/15 - (-9)/f. Let t = v + 153. What is the tens digit of t?
8
Let q = 125 + -270. Let x = q - -234. What is the tens digit of x?
8
What is the tens digit of (-1228692)/(-209) + 11/121?
7
Suppose -12 = -3*l, -2*b = -3*l - 0*l + 16. What is the units digit of 912/(-8)*b/(-6)*-30?
0
Let v(m) = 20 - 8 - 23*m + 22*m. Let g be v(9). Suppose g*h - 357 = 222. What is the units digit of h?
3
Let v(f) = -18*f - 3*f**3 - 7*f**3 + 9*f**3 + 17*f**2 + 18. Let y be v(15). Let c = -79 + y. What is the hundreds digit of c?
1
Let c(p) = -813*p - 390. What is the units digit of c(-9)?
7
What is the thousands digit of (-12)/((-156)/(-42887))*-1?
3
Let v be ((-2 - -3) + -4)/((-3)/5). Suppose -3*s + 2*l + 678 = 0, -v*s + 4*l - 2*l = -1130. What is the hundreds digit of s?
2
What is the units digit of (104/65)/2*8185?
8
Let x(p) be the second derivative of 25*p**3/6 + 42*p**2 + 31*p. What is the tens digit of x(29)?
0
Let b be 26/(-91) - (0 - (-2104)/(-14)). Suppose 54*c = 52*c + b. What is the tens digit of c?
7
Let v(d) = 19 + 31*d**2 - 24 + 9. Let s be v(3). Let p = 458 - s. What is the hundreds digit of p?
1
Let z be (-1)/(-2) - (-22299)/6. Suppose -7*m = -16*m + z. What is the tens digit of m?
1
Let d(l) = -779*l - 54 + 2114*l - 1057*l. What is the units digit of d(2)?
2
Let q be ((-171)/(-21) + -9)/((-3)/7). Suppose q*o = -3*d + 1145, 487 + 83 = o + 2*d. What is the units digit of o?
0
Let z(h) = 2*h**2 - 21*h + 12. Suppose 42 = 3*t + 3*b, 2*t - 56 = -2*t + 2*b. Let v be z(t). What is the tens digit of -12*(-3 - 1 - v/8)?
1
Let v = -12682 - -30559. What is the ten thousands digit of v?
1
Let q(a) = 6*a**2 + 34*a + 531. What is the hundreds digit of q(39)?
9
Let t be (1 + 9)*(-4)/40*-16. What is the units digit of 36/t + -1 + 3/4?
2
Suppose 13*j - 5*j = -8. What is the hundreds digit of 5/(-10) - -1987*j/(-2)?
9
Let h(z) = -9*z**3 + 219*z**2 + 29*z + 16. What is the tens digit of h(12)?
4
What is the units digit of 469203/84 + 5/4?
7
Let c be ((-32)/(-4))/(3 + -1). Let u(o) = c*o**2 - 3*o - 4 + 7 - 1 - 1. What is the units digit of u(2)?
1
What is the thousands digit of 18704/32*-2*(-72)/42?
2
Let c(d) = 5*d**3 + 2*d**2 - 5*d + 9. Let b(o) = -4*o + 28. Let k be b(5). Suppose -2*v + h = -1 - 4, 2*v - k = -2*h. What is the tens digit of c(v)?
4
Let k be 19/(-38) - (-17)/2. Suppose -3 = k*d + 29. What is the hundreds digit of ((-264)/18)/(d/42)?
1
Suppose f = -4*k + 1211, -5*f - 3*k + 6087 = k. Suppose 5*y - 7*y - 3020 = -5*z, f = 2*z - 3*y. What is the tens digit of z?
0
Suppose 24*h = 33835 + 17213. Let b = h + -945. What is the hundreds digit of b?
1
Let d be (-7 + 12)/(5/4). Let x be 1 + (d + -2)*3. Suppose x*w - 114 = 334. What is the units digit of w?
4
Suppose 0 = 2*z - 7*z - 2*j + 31323, 3*z - 10*j = 18693. What is the tens digit of z?
6
Let i = -130 - -135. Suppose 0*c - 1346 = i*c + 4*m, 5*c + 5*m + 1350 = 0. Let x = c - -411. What is the tens digit of x?
4
Suppose 4*o = -3*d - 36, -3*o + d = 3*d + 26. Let m be (0 - (-18)/4)*(-18)/27. What is the units digit of (-8)/(o/m)*-12?
8
Suppose -578596 + 69252 = -88*s. What is the tens digit of s?
8
Let p(t) = 29*t - 7. Let n(d) = -d + 18. Let x be n(9). Let f be p(x). Let c = -90 + f. What is the tens digit of c?
6
Let a(o) = 13*o + 55. Let c be a(-4). Let b(v) = 183*v + 114. What is the tens digit of b(c)?
6
Let l(r) = -r**3 + 5*r**2 - 3*r - 2. Let j be l(4). Suppose -3*x + w = -6*x - 127, -86 = j*x + 2*w. What is the hundreds digit of (78/4)/(x/(-280))?
1
Let p = 33922 + -22690. What is the units digit of p?
2
Suppose 6762*b - 549125 = 6739*b. What is the tens digit of b?
7
Let v(x) = -x + 233*x**2 - 4 - 4*x - 1. Let a(y) = -1710*y - 18811. Let m be a(-11). What is the hundreds digit of v(m)?
2
Suppose 0 = 4*c - 0*x - 2*x - 4, c + 3*x = -6. Suppose 5*u + 2741 = 5*q + 531, u + 4 = c. What is the units digit of q?
8
Suppose 2*l = -5*c + 10*c - 20, 3*l = 0. Suppose 4*p - 3644 = 4*x + 708, 1078 = p + c*x. What is the units digit of p?
6
Let m(o) = 4*o**2 + 20*o. Let u be m(-5). Suppose 3*t - 5*z + 3 - 1 = u, -t + 4*z - 3 = 0. What is the hundreds digit of t/(-2)*(-283 - -7)?
1
What is the tens digit of ((-10290)/(10 + -16))/((-3)/(-6))?
3
Suppose 0*o = -5*z - 2*o + 8, -5*o = 4*z - 20. Suppose -19 = -5*h - 2*b, z = -5*h - 3*b - 6 + 27. Suppose -h*k + 125 = -520. What is the units digit of k?
5
Let n be -6*8/(16/(-18)). Suppose 4 = u 